7. What is the highest common divisor of 40 and w?
10
Suppose -o + v = 0, 2*o = -o - 2*v + 20. Suppose -2*u + o*u = 8. Suppose -5*n + 93 = u*b - 71, 3*n + 168 = 5*b. What is the highest common factor of 12 and b?
12
Suppose -x + 102 + 0 = 0. Suppose -x = -5*i - 4*u, 0 = 4*i + 8*u - 3*u - 87. Calculate the highest common factor of 198 and i.
18
Suppose 6*y - 2*y - 120 = 0. Calculate the greatest common divisor of 90 and y.
30
Suppose 4*p = 8*p - 40. Suppose 5 = 5*k - p. What is the greatest common divisor of 3 and k?
3
Let s = -4 - -8. Suppose s*l = 5 + 3. What is the highest common factor of 3 and l?
1
Suppose -20 = -4*k, -3*g - k - 4*k + 697 = 0. What is the highest common divisor of g and 32?
32
Let g(t) = 2*t**2 - t - 7. Let d be g(4). What is the greatest common factor of d and 21?
21
Suppose 4*w - 58 = -18. Suppose -j = 4*j - w. Suppose -4*z - 5*b = 55 - 215, 0 = -j*z + 3*b + 102. Calculate the greatest common factor of 18 and z.
9
Suppose 0 = m - 5*m + 100. Let n = 5 + -3. Let h(y) = 2*y + 1. Let v be h(n). Calculate the greatest common divisor of v and m.
5
Suppose 3*x + d - 96 + 2 = 0, d = -4*x + 124. What is the highest common factor of 75 and x?
15
Let m = 879 - 600. What is the highest common factor of 31 and m?
31
Suppose 3*g = -g + 2*y + 314, -3*g = -3*y - 231. Calculate the greatest common factor of g and 10.
10
Let u = 54 - 37. Calculate the greatest common factor of 68 and u.
17
Let l be -2*((1 - 2) + 0). Suppose 0 - l = -2*v + 4*u, v = 5*u - 5. Suppose 5*q = -3*f + 95, -5*q = -5 - 15. What is the greatest common factor of f and v?
5
Let f(v) = -v**3 + 2*v**2 + 19*v - 17. Let i be f(5). What is the greatest common divisor of 51 and i?
3
Suppose 4*n + p + 673 = 0, 2*n + 0*p + 324 = 2*p. Let l = -57 - n. Calculate the greatest common factor of l and 10.
10
Let m(q) = -q**2 + 6*q - 7. Let k be m(5). Let z be (-18 - 2)*2/k. Calculate the greatest common divisor of z and 4.
4
Suppose 2 = a + 1, -a = -3*w + 23. Let b(n) = -n**3 + 8*n**2 + n - 3. Let u be b(w). Calculate the greatest common factor of u and 55.
5
Suppose -t - 2*z = -4, 5*t + 7*z - 20 = 8*z. Calculate the greatest common factor of t and 4.
4
Let l = 92 + -77. Suppose -3*p = -161 - 19. Calculate the highest common divisor of l and p.
15
Let i be (18/(-6) - 7/(-2))*132. What is the greatest common divisor of 6 and i?
6
Suppose 5*p = 14 + 6. Let m = 2 + p. What is the highest common factor of m and 3?
3
Suppose -2*i + 12 = -0*i. Let m be i - (0 - (-5 - -2)). Let z(w) = w**3 - w**2 - 3*w + 1. Let a be z(m). What is the greatest common divisor of 5 and a?
5
Let u = 15 - 7. What is the highest common divisor of u and 56?
8
Let a(l) = -2*l**2 + 40*l + 15. Let n be a(20). What is the greatest common divisor of 60 and n?
15
Suppose 5*v + 64 - 704 = 0. Suppose 0 = 5*p + 5 + 55. Let x = p - -28. Calculate the highest common factor of v and x.
16
Let g be 15/6 + (-1)/(-2). Suppose 0 = -4*o + 5*u - 21, -2*o + g*u - 19 = -6*o. Let z = 8 - 4. What is the greatest common factor of z and o?
1
Suppose 2*r + 36 = 3*l, l - 2*l = r - 12. What is the greatest common divisor of l and 8?
4
Let k = 20 + -7. Let d = k + -1. What is the highest common divisor of 18 and d?
6
Suppose -2*h + h - 23 = -3*k, h + 5 = 0. Let m = k + -4. Calculate the highest common divisor of 6 and m.
2
Let u = 52 - -52. Let j be (-1248)/64*(-4)/(-6)*-1. Calculate the greatest common factor of u and j.
13
Suppose 2*c - 44 - 102 = 2*q, c = -2*q + 70. Calculate the greatest common divisor of c and 8.
8
Let f be (-32)/20*(-5)/2. Let o(i) = i**3 + 5*i**2 - 4*i. Let j be o(f). Let z = 39 - 23. Calculate the highest common divisor of z and j.
16
Suppose -o + 44 = -c - 3*c, 3*c = 2*o - 108. Calculate the greatest common factor of o and 15.
15
Suppose 5*d - 1092 = 2*m - 116, 5*d + 2*m = 984. What is the highest common divisor of d and 49?
49
Suppose -c + 3*w + 39 = 0, 0*w + 64 = c + 2*w. Calculate the highest common divisor of c and 270.
54
Let x = 4 - 0. Let a = 4 + 4. Calculate the greatest common factor of a and x.
4
Suppose 3*z = 2*h - 255, -3*z - 129 = -h - 0*h. Calculate the greatest common factor of h and 14.
14
Let v be (1 - 3) + 40 + -2. Suppose v = 3*q - 7*q. Let r = 11 + q. Calculate the highest common factor of r and 6.
2
Let u = -14 - -8. Let n be (-12)/(-3*u/(-81)). Calculate the greatest common factor of n and 18.
18
Let h be (-33)/(-1) + 36/(-12). What is the highest common factor of 20 and h?
10
Suppose 21 = 3*i - 33. Calculate the highest common divisor of 126 and i.
18
Let c = -6 + 66. Calculate the greatest common divisor of 150 and c.
30
Suppose -504 = -4*w - 3*w. What is the highest common divisor of w and 8?
8
Let s = -97 + 146. Suppose 0*h + 3*h - z = s, -5*h + 4*z = -84. What is the greatest common divisor of 64 and h?
16
Let o = 39 + -28. Suppose 0 = -5*i + 62 + 48. Calculate the highest common divisor of o and i.
11
Let g(w) = -w**2 + 4*w - 1. Let p be g(3). Calculate the greatest common divisor of 2 and p.
2
Suppose -4*y + 5*k + 36 = 2*k, -5*y - 3*k = -72. Calculate the highest common factor of y and 48.
12
Let x(o) = 6*o - 15. Let y be x(5). Let a = -2 + 5. Let g be 178/6 - (-1)/a. Calculate the highest common divisor of y and g.
15
Let y be ((-112)/10)/(4/(-30)). Suppose -5*r + r = -48. Calculate the highest common divisor of r and y.
12
Suppose 4*n - 4*i + 20 = 0, -n + 3*n + 13 = i. Suppose s = 3*s - 18. Let l = s + n. Calculate the greatest common divisor of l and 1.
1
Let d = 3 + 0. Suppose -9 = -3*w + d. Calculate the highest common factor of w and 20.
4
Let o be (1 + -3)*(-36)/8 - 4. Calculate the highest common divisor of 80 and o.
5
Suppose 5*g = 93 + 87. Suppose -z + 5*z - g = -4*l, 17 = 3*l + z. Calculate the highest common divisor of l and 28.
4
Suppose -528 = -3*v + v. What is the greatest common divisor of v and 24?
24
Suppose -4*p = p - 65. What is the highest common factor of p and 91?
13
Let i(r) = -2*r - 2. Let d be i(-2). Let c be (-8)/2*(-2 + 1). Suppose -5*g - d*a + 7 = -46, 16 = c*a. What is the greatest common divisor of g and 18?
9
Let a(i) = -i**3 + 3*i - 1. Let o be a(2). Let p be (-3 - -6)/(o/(-10)). What is the highest common divisor of 110 and p?
10
Let n be (-14)/(0 + -1) + 0. What is the highest common divisor of n and 154?
14
Let t be 3 + ((-20)/25)/((-4)/(-10)). What is the highest common divisor of t and 9?
1
Let x = 7 + -3. Calculate the greatest common divisor of 20 and x.
4
Let a = 43 + -30. Let z(f) = 7*f - 1. Let y(h) = -14*h + 2. Let j(o) = 6*y(o) + 15*z(o). Let d be j(2). Calculate the greatest common divisor of d and a.
13
Suppose p = -2*p - 6. Let c be ((-2)/4)/(p/76). Calculate the highest common divisor of 19 and c.
19
Suppose 0*y = -5*y - 185. Let v be y/(-2) - 8/(-16). What is the highest common divisor of 171 and v?
19
Let s be (1/(-1))/(5/10). Let k be (-1 + 1 - 2)*2. Let x = s - k. What is the highest common factor of x and 8?
2
Suppose -c - 2*c + 60 = 4*w, 5*c = -w + 32. Calculate the greatest common divisor of w and 3.
3
Let v be ((-18)/(-8))/((-7)/(-84)). Let h = v + -19. Suppose -r - 3*r + h = 0. Calculate the greatest common divisor of r and 1.
1
Suppose -p + 0*g = -5*g - 17, -5*p = -2*g - 154. Calculate the highest common factor of 4 and p.
4
Suppose 0 = k + 3*r - 2, 1 + 0 = -k - 4*r. Suppose k*t - 13*t + 2 = 0. Calculate the highest common factor of t and 1.
1
Let c = 5 - 8. Let i be 2/(-1) + c + 1. Let t = i - -5. What is the highest common divisor of 6 and t?
1
Suppose 4*b + 2*s = 6*b - 44, -5*s + 66 = 3*b. Let x = -6 + 5. Let z be 44/(-8)*2/x. What is the highest common divisor of b and z?
11
Suppose -2*b = -5*b + 6. What is the highest common factor of 14 and b?
2
Suppose -3*n + 2*l - 1826 = -5*n, 0 = -4*n + 3*l + 3673. Let s be (-2)/(-7) - n/(-28). What is the greatest common divisor of s and 22?
11
Suppose v + 57 = 97. Let y(k) = k**2 - 3*k + 1. Let c be y(4). What is the greatest common divisor of c and v?
5
Suppose -4*o + 5*a = 21, 5*o + 3*a - 15 - 5 = 0. Let z be (16 - 2)*o/2. Calculate the highest common factor of z and 7.
7
Let b = -36 - -68. What is the highest common divisor of 4 and b?
4
Let z(j) = 2 - 2 + j. Let s(a) = -6*a**2 - a - 1. Let v(u) = -s(u) - 3*z(u). Let k be v(1). Calculate the highest common factor of 5 and k.
